 what is -20 - 10?
-30
In base 11, what is -9a8 - -2?
-9a6
In base 12, what is -b3 - -1?
-b2
In base 7, what is 33345 + -5?
33340
In base 6, what is -234551 - 4?
-234555
In base 14, what is -4 + 4b8?
4b4
In base 10, what is 26 + -13?
13
In base 13, what is a5 + 1?
a6
In base 16, what is b7 - -6?
bd
In base 13, what is -2255 - 5?
-225a
In base 3, what is 11 - -20201120?
20201201
In base 8, what is -5 - 421?
-426
In base 12, what is -18 - 11?
-29
In base 16, what is 3 - 4e?
-4b
In base 5, what is 24122 - 2?
24120
In base 3, what is 2022 - -202?
10001
In base 8, what is 135 - 12?
123
In base 6, what is 105 - -3?
112
In base 13, what is -16 + 12?
-4
In base 7, what is 5 - -1050?
1055
In base 8, what is 26 + 0?
26
In base 5, what is -4 + -43?
-102
In base 7, what is -22 - 2?
-24
In base 14, what is 1 - -29?
2a
In base 15, what is 3 + -1ab?
-1a8
In base 5, what is 12 - 234?
-222
In base 15, what is 43 - 1?
42
In base 14, what is -17c + -4?
-182
In base 11, what is -10 + -8?
-18
In base 14, what is 62 - 10?
52
In base 2, what is -110001100 + -101101?
-110111001
In base 11, what is -1a + 695?
676
In base 9, what is 127 + -1?
126
In base 16, what is 9f + 4?
a3
In base 2, what is -1100000101001 - 100?
-1100000101101
In base 10, what is -3 + -253?
-256
In base 14, what is -9 - -8?
-1
In base 14, what is 5 + 1ca0?
1ca5
In base 2, what is -10000011 + 1?
-10000010
In base 11, what is -3 + -72?
-75
In base 10, what is -405 + 4?
-401
In base 2, what is 111011 + -11?
111000
In base 15, what is -ea - -5?
-e5
In base 7, what is 346 + 1?
350
In base 4, what is -1 - 3111?
-3112
In base 5, what is -2 - 114041?
-114043
In base 10, what is 640 - 2?
638
In base 7, what is 40 - -62?
132
In base 5, what is 131 - 40?
41
In base 15, what is 38 - -1?
39
In base 15, what is 4 + 96?
9a
In base 14, what is -3 - 3a?
-3d
In base 6, what is -30 + 233?
203
In base 16, what is -61 + 4?
-5d
In base 7, what is -4 + 512?
505
In base 12, what is -24 + 151?
129
In base 10, what is -2291 - 5?
-2296
In base 6, what is -4 + -455?
-503
In base 5, what is -131032 + -4?
-131041
In base 8, what is -7 - -375?
366
In base 5, what is 230 + 1?
231
In base 2, what is 1011001011 - 10110?
1010110101
In base 4, what is -10013 + 2?
-10011
In base 15, what is -115 + -17?
-12c
In base 16, what is 5 - 12b?
-126
In base 15, what is -1 + 704?
703
In base 4, what is -2 - 232001?
-232003
In base 13, what is -5b3 + -9?
-5bc
In base 11, what is -389 - 6?
-394
In base 7, what is 5 - 225?
-220
In base 6, what is -13 + -24?
-41
In base 8, what is -1675 - -2?
-1673
In base 5, what is 1310 - -30?
1340
In base 15, what is -1bc + -a?
-1c7
In base 12, what is 2 - b0?
-aa
In base 11, what is -4 + a5?
a1
In base 3, what is 112 - 1100?
-211
In base 5, what is 13402 - 1?
13401
In base 8, what is -13 + 4?
-7
In base 11, what is 3286 - -4?
328a
In base 2, what is -11111100 - -11?
-11111001
In base 3, what is 211 - 22121?
-21210
In base 6, what is 0 - 1042?
-1042
In base 11, what is -1 - -604?
603
In base 3, what is -10 - -10021?
10011
In base 10, what is 4 - -535?
539
In base 7, what is -36 + 1?
-35
In base 14, what is 224 - a?
218
In base 5, what is 23 - -3104?
3132
In base 7, what is 32 - 143?
-111
In base 3, what is 11 - -1121211?
1121222
In base 12, what is -227 + -5?
-230
In base 3, what is -10010 + 120?
-2120
In base 4, what is 1012 - -1110?
2122
In base 11, what is -2 + -120?
-122
In base 4, what is 21 - 2113?
-2032
In base 10, what is 4 - -37?
41
In base 8, what is 6 + 1200?
1206
In base 4, what is 1 - -202?
203
In base 5, what is -4 + 410?
401
In base 8, what is -1 + 106?
105
In base 15, what is -355 - -3?
-352
In base 16, what is 7 - -5c0?
5c7
In base 14, what is -ac5 + -1?
-ac6
In base 13, what is 1 + -1b1?
-1b0
In base 16, what is -13 + 19?
6
In base 5, what is 11 - -21140?
21201
In base 9, what is -327 - 4?
-332
In base 5, what is 111 + -3?
103
In base 8, what is 5 + -464?
-457
In base 5, what is -103130 + -1?
-103131
In base 6, what is -3 + 502?
455
In base 14, what is -3 + -42?
-45
In base 13, what is -190 + -32?
-1c2
In base 6, what is -100 + -11?
-111
In base 3, what is -122000 - -1?
-121222
In base 10, what is -4 + -24?
-28
In base 14, what is 0 + a6a?
a6a
In base 7, what is 31 - 104?
-43
In base 14, what is -5 + 2d?
28
In base 14, what is 0 + -3db?
-3db
In base 7, what is 623 + -2?
621
In base 4, what is 11 - -330?
1001
In base 9, what is -35181 + -2?
-35183
In base 6, what is 44 + -222?
-134
In base 5, what is 2 - -1?
3
In base 7, what is 141 - 40?
101
In base 12, what is -a0 - -4?
-98
In base 15, what is -5 + 2c?
27
In base 11, what is 46 - -1?
47
In base 6, what is 552 - 5?
543
In base 14, what is 4b7 + -a?
4ab
In base 2, what is -110110111 + 101?
-110110010
In base 5, what is -4 - 230?
-234
In base 15, what is -4 + 22?
1d
In base 6, what is -2142 - 250?
-2432
In base 6, what is -2 - -1425?
1423
In base 12, what is -7 - -41?
36
In base 5, what is -4 + 141?
132
In base 13, what is -1b6 + -7?
-1c0
In base 10, what is 226 + 5?
231
In base 8, what is -2217 - -7?
-2210
In base 14, what is -1 - 4d?
-50
In base 5, what is -14 + -12?
-31
In base 8, what is -31522 + -4?
-31526
In base 7, what is 1 - -130?
131
In base 4, what is -3 + -311?
-320
In base 16, what is 87 - 1?
86
In base 3, what is 11000 - -10?
11010
In base 14, what is -ac - -2?
-aa
In base 7, what is -205 - 35?
-243
In base 15, what is 1d + 43?
61
In base 14, what is 8 + -6?
2
In base 5, what is -2020 + 2?
-2013
In base 8, what is -15763 + -4?
-15767
In base 11, what is 44 - 2?
42
In base 16, what is 0 - -17?
17
In base 4, what is -1 - -233313?
233312
In base 12, what is -37 - -107?
90
In base 10, what is 5 + -49?
-44
In base 3, what is 111221 + 10?
112001
In base 16, what is -4 + -45?
-49
In base 12, what is -3824 - -4?
-3820
In base 5, what is -3323 + -10?
-3333
In base 4, what is -11 - -2312?
2301
In base 13, what is 1 + 435?
436
In base 13, what is -4 + 1cb?
1c7
In base 3, what is -21 + 112?
21
In base 9, what is 4 + -4447?
-4443
In base 13, what is -3 - 2a?
-30
In base 13, what is -4 + 27?
23
In base 4, what is 12330 + 1?
12331
In base 15, what is -5d + 5?
-58
In base 12, what is 3 + 127?
12a
In base 12, what is -219 - 11?
-22a
In base 5, what is -34 + 111?
22
In base 3, what is -12 - 112?
-201
In base 10, what is -4 - -218?
214
In base 8, what is -3 - -2?
-1
In base 15, what is -16 + -e?
-25
In base 9, what is -51 + -2?
-53
In base 5, what is -314 - 1?
-320
In base 9, what is -167 - -4?
-163
In base 4, what is -12 + 233?
221
In base 11, what is 2 + 245?
247
In base 4, what is 2 + -2130?
-2122
In base 4, what is 3 - 11023?
-11020
In base 2, what is 0 - -110001111?
110001111
In base 5, what is 120 + -10?
110
In base 9, what is -5 - 55?
-61
In base 2, what is -100000110100 - -100?
-100000110000
In base 9, what is -2135 + 5?
-2130
In base 7, what is -1 - 4150?
-4151
In base 10, what is -2 + 553?
551
In base 3, what is 112 + -1002210?
-1002021
In base 10, what is 82 + 102?
184
In base 8, what is -5575 - -5?
-5570
In base 2, what is 1011101101011 - 10?
1011101101001
In base 2, what is 100110 - -100?
101010
In base 13, what is aa + -1a?
90
In base 8, what is 247 - -13?
262
In base 4, what is -3 - 11?
-20
In base 11, what is -33 - -28?
-6
In base 14, what is -2 + 178?
176
In base 15, what is e0 + -6?
d9
In base 5, what is -30 + -1134?
-1214
In base 13, what is -6b7b - -3?
-6b78
In base 10, what is -159 + 2?
-157
In base 16, what is -2f0 - -2?
-2ee
In base 2, what is -1011000 - -10?
-1010110
In base 14, what is -2719 + -4?
-271d
In base 7, what is 11 - -101?
112
In base 5, what is -3221 - -4?
-3212
In base 2, what is 1010101011 - -101?
1010110000
In base 7, what is -2121 + 5?
-2113
In base 5, what is -244 + -4?
-303
In base 10, what is 427 + -3?
424
In base 9, what is -420 + -5?
-425
In base 11, what is -10 - -16?
6
In base 9, what is -164 + -2?
-166
In base 14, what is -3 + -1b?
-20
In base 9, what is 48 - -604?
653
In base 3, what is 22 + -112?
-20
In base 7, what is 22 - -44?
66
In base 13, what is -79 - -9?
-70
In base 10, what is -109 - -4?
-105
In base 8, what is -2416 - -3?
-2413
In base 14, what is -cb + -49?
-136
In base 6, what is 2 + -14240?
-14234
In base 14, what is -c + -10?
-1c
In base 6, what is 50 - -13?
103
In base 15, what is -